mon divisor of 88 and o.
8
Let u be -1 + (2 + -1)*0. Let z be (1 - 0)/u*-121. Calculate the greatest common factor of z and 11.
11
Let n = 149 - 131. Suppose 6*t + 2*b - 215 = t, b + 5 = 0. Calculate the highest common divisor of n and t.
9
Suppose f + 2 = 5. Suppose -t + 206 = 2*i - i, -f*t = i - 624. Calculate the greatest common factor of 19 and t.
19
Suppose -c = -0 - 9. Suppose 44 = 4*v - 5*f, -3*f = v + 4 + 2. What is the greatest common divisor of v and c?
3
Suppose 8*p - 64 = 4*p. What is the highest common divisor of 8 and p?
8
Let y(h) = h**3 + 23*h**2 - 5*h - 30. Let n be y(-23). What is the highest common divisor of 5 and n?
5
Let a = 24 + -16. Calculate the greatest common divisor of 16 and a.
8
Let o = -50 + 79. What is the highest common factor of o and 58?
29
Let x(o) = 2*o**2 - 4*o - 3. Let l be x(4). Calculate the greatest common factor of l and 13.
13
Let w = -35 + 83. Let l(f) = -f**2 - 11*f - 12. Let r be l(-7). Calculate the highest common divisor of w and r.
16
Suppose 3*a = 3*x + 60, -4*x - 75 + 13 = -3*a. What is the highest common divisor of 24 and a?
6
Let y = 133 - 83. What is the greatest common factor of 125 and y?
25
Let x(d) = d**2 + 3*d. Let b be x(9). What is the greatest common factor of b and 12?
12
Let c = 107 + -103. Calculate the highest common factor of c and 10.
2
Suppose 3*g = -l + 68, g + 3*l - 10 - 2 = 0. Suppose g = 3*o - 18. What is the greatest common factor of 7 and o?
7
Suppose 5*q - 3*q = 44. What is the greatest common divisor of 2 and q?
2
Let l be ((-42)/(-10))/((-2)/(-30)). What is the greatest common divisor of l and 21?
21
Suppose -192 = -4*o - 4*z, -3*z + 0*z - 106 = -2*o. Suppose 5*h - 60 = 2*i, -4*h - 4*i + o + 26 = 0. Calculate the highest common factor of h and 21.
7
Let i = -58 - -59. Suppose 4*b + 2*y = 42, -25 = -4*b - 3*y + 16. Calculate the highest common divisor of i and b.
1
Let r be (-9)/(-2)*(-32)/(-12). Suppose -3*o - r = 0, 63 + 29 = 2*l + 3*o. What is the highest common factor of l and 13?
13
Suppose 0 = -3*o + 15 - 0. Let m = o + -3. Suppose 3*d - 13 = m*d. Calculate the greatest common divisor of 13 and d.
13
Let u(h) = 4*h**2 - 2*h - 1. Let o be u(2). Let a be -1 + (3 + -165 - 3). Let n = -111 - a. What is the greatest common factor of o and n?
11
Let y be 3*(-3 + 4)/1. Suppose 0 = -y*u - u + 8. What is the greatest common divisor of 2 and u?
2
Let i be -9*2*(6 + (-104)/16). Let h(t) = -10*t + 5. Let n be h(-4). What is the greatest common factor of n and i?
9
Let x(h) = 13*h - 10. Let n be x(2). What is the highest common factor of n and 144?
16
Suppose -m - 2*m = -3. Suppose -x = -4*a + a - 3, 0 = -2*a + 4. Calculate the greatest common factor of m and x.
1
Let q(r) = r**2 - 5*r - 6. Let n be q(6). Suppose 3*k + 0*p + 2*p - 199 = n, 296 = 4*k - 5*p. What is the greatest common divisor of k and 23?
23
Suppose -3*b - 117 = -q, b + 373 = 5*q - 170. What is the highest common divisor of q and 72?
36
Suppose -4*z = -z - 27. What is the highest common factor of z and 72?
9
Suppose 5*s - 1942 = -4*g, -3*g - 3*s + 489 = -2*g. Let c be ((-22)/(-3))/(14/g). What is the highest common divisor of c and 23?
23
Suppose 10*s - 21*s = -1320. What is the highest common divisor of s and 8?
8
Suppose -3*s - 4*c - 10 = 0, 0*s = s - c - 6. Let o = s - -2. Suppose -2*a = 2*a + 5*v - 20, 2*v + 48 = o*a. What is the greatest common divisor of 30 and a?
10
Suppose -h + 7 = -6. Let w be 2/5 - 13/(-5). Suppose w*g = 3*n + 429, -3*n - 286 = -2*g - 4*n. What is the highest common factor of g and h?
13
Let s be 2*(-11)/((-22)/60). Calculate the highest common divisor of s and 12.
12
Let g = -37 - -59. Calculate the greatest common divisor of g and 11.
11
Suppose 200 - 56 = 4*a. What is the highest common divisor of 18 and a?
18
Let k(f) = 3 + 2*f**2 + 0*f**2 + 2*f + 2. Let u be k(-7). Suppose -31 = -i + u. Calculate the greatest common divisor of 15 and i.
15
Let s be (56/35)/((-4)/(-10)) - -1. What is the greatest common divisor of s and 2?
1
Let s be 12/(-3) + 5 + 1. What is the greatest common divisor of s and 6?
2
Let t = 14 - 6. Calculate the greatest common divisor of t and 56.
8
Let a(m) = -15*m + 9. Let n be a(-3). What is the highest common divisor of 6 and n?
6
Let u(y) = -y. Let h be u(5). Let f be 5*(-9)/(h - -2). Calculate the greatest common divisor of 75 and f.
15
Let k be (5 + (-135)/6)*6/(-5). Calculate the highest common divisor of 3 and k.
3
Let i be 2/(-8) - 242/(-8). Let m(g) = -g**3 + 6*g**2 + 6. Let k be m(6). What is the greatest common divisor of k and i?
6
Suppose -4*r + 0*r = 0. Let q be 1/(r - 1/(-33)). Suppose -27 = -4*o + 61. What is the greatest common factor of q and o?
11
Let w = -4 - -7. Let s(h) = 255*h**2 + h. Let l be s(1). Suppose 5*a = w*a + l. Calculate the greatest common factor of 16 and a.
16
Let j = -5 - -82. Let w(x) = -x**3 - 13*x**2 + 11. Let q be w(-13). Calculate the greatest common factor of q and j.
11
Let g(x) = -x**3 + 5*x**2. Let b be g(4). What is the highest common divisor of b and 4?
4
Suppose 2*m + 0*m - 6 = 0. What is the highest common factor of 15 and m?
3
Let c(t) = 3*t**2 - t + 1. Let s be c(2). What is the highest common factor of s and 11?
11
Let m(l) be the third derivative of -l**4/8 - 2*l**3 + 5*l**2. Let r be m(-6). Calculate the highest common divisor of r and 12.
6
Suppose 157 + 9 = 2*y. Let i = y + -34. Calculate the greatest common factor of i and 7.
7
Suppose 3*d - 6*w + 2*w = 96, 51 = d + 5*w. Let k = d + -24. Calculate the highest common divisor of 72 and k.
12
Let s(l) = -7*l - 4. Let y be s(3). Let v = y - -36. Let u = 6 + v. What is the highest common factor of 17 and u?
17
Suppose -2*k = k. Suppose 0*j - j + 10 = k. What is the highest common factor of 10 and j?
10
Let l(r) = -r**2 + r + 13. Suppose -3*s = -4 - 5. Let x be (s - 2 - 0)*0. Let z be l(x). Calculate the highest common factor of z and 39.
13
Let k be (48/(-1))/(-1)*24/72. Calculate the highest common divisor of k and 2.
2
Suppose -4*r - 60 = -8*r. Let x be r/(3/3 - 0). Let o be 36/(-15)*(-5)/2. What is the highest common factor of o and x?
3
Let y = 13 - 5. Suppose -4*j = -5*h + 10, 3*j + 0 = -5*h + 10. Suppose 2*z - 59 = c, -2*z - c + 133 = h*z. Calculate the greatest common divisor of y and z.
8
Let m be (-4)/(-22) + (-370)/(-22). Suppose -5*x + 53 = -m. Calculate the greatest common factor of 70 and x.
14
Let n be 3/18 - (-455)/42. What is the highest common divisor of n and 77?
11
Suppose -21*m + 27*m - 222 = 0. Calculate the greatest common divisor of 370 and m.
37
Let y be 2 + -3 - (-3 - 35). Calculate the greatest common factor of y and 37.
37
Suppose 4*z - 16 = 0, 307 = -3*g - 2*z + 3*z. Suppose -r = -3, -3*o + 2*r - 612 = -2*r. Let p = g - o. Calculate the highest common factor of 11 and p.
11
Let n = 0 + 2. Suppose 14 = 3*c + n. What is the highest common divisor of c and 28?
4
Let x = 44 + -41. What is the highest common divisor of 15 and x?
3
Suppose -4*l - 2*s + 10 = -38, 4*l - 5*s = 20. Calculate the highest common factor of 5 and l.
5
Let l(f) = -40*f. Let m be l(-1). Let s = 6 - 2. Let p be ((-6)/s)/((-6)/32). Calculate the highest common divisor of p and m.
8
Let f be (-4 - (-5)/2)*-14. What is the highest common divisor of f and 7?
7
Let o(b) = -b**2 - b + 2. Let h be o(0). Suppose -3*u + 175 = -h*u. What is the highest common divisor of u and 25?
25
Suppose 5*l - 46 - 9 = 0. What is the highest common divisor of 55 and l?
11
Suppose 0 = 5*i + 5*z - 25, 4*z + 0*z - 10 = i. Calculate the greatest common factor of 10 and i.
2
Let y(n) = 6*n - 1. Let x be y(1). Suppose 5*f + d + 4*d - 45 = 0, -4*d = -x*f + 81. What is the highest common divisor of f and 104?
13
Let v(q) = q + 1. Let f be v(2). Suppose f*p = -5*h + 14, 0 = -5*p + 2*h - 4*h - 2. Let i = p + 6. Calculate the highest common divisor of 16 and i.
4
Let l be -50*((-4)/14)/((-2)/(-14)). Calculate the greatest common factor of 250 and l.
50
Let s = -3 + 6. Suppose -2*p + 72 = 4*b, s*b + 142 - 31 = 4*p. Suppose -5*t - i = -0*t - 78, -3*i = -4*t + 51. Calculate the greatest common divisor of p and t.
15
Suppose -5*r + 2*r - 6 = 0. Let l be 1/(-2) - r/4. Suppose 2*o - o - 13 = l. Calculate the highest common factor of 117 and o.
13
Let u = 22 + -5. Calculate the highest common divi